+ 10. What are the prime factors of g(p)?
5, 7
Let z be 1/2 + (-84)/(-8). Suppose 3 - z = -4*h. Suppose h*r + 3*r = 60. List the prime factors of r.
2, 3
Let t(l) = l**3 - 6*l**2 + 6*l - 4. Let f be t(5). List the prime factors of ((-12)/14)/(f/(-7)).
2, 3
Let k = -4 + 6. What are the prime factors of k*(-3 + 27/6)?
3
Let p be (-2 + 3)*(0 - 1). Let d be (0/2 - 0)/p. Suppose -4*u + d*u = -36. What are the prime factors of u?
3
Let m(x) = 53*x - 8 - x**2 - 47*x + 2*x**2. What are the prime factors of m(-8)?
2
Let k = -12 - -21. What are the prime factors of k?
3
Let l be (-2)/1*(-62)/4. Suppose 4*q - l = 121. Suppose 27 = 3*v + n, 4*v - q = -0*v - 2*n. List the prime factors of v.
2
Suppose -2*q = -6 + 14, 3*q + 2 = -5*z. Let w be 2/9 + (-102)/(-27). Suppose -3*r + w = -z. What are the prime factors of r?
2
Suppose 5*q = q + 4. Let o be 3 - (2 - (q + 1)). Suppose o*j = -g + 19, -g = -0*g - j - 7. What are the prime factors of g?
2, 5
Let l(z) = -z**3 + 10*z**2 + 4*z + 5. Let h(y) = y**3 - 10*y**2 - 3*y - 4. Let d(w) = -4*h(w) - 3*l(w). Let x be d(10). List the prime factors of 3 + 3 + 3 - x.
2
Let g(h) be the second derivative of 0 - 1/2*h**2 - 2*h - 2*h**3. What are the prime factors of g(-1)?
11
Suppose 0*a + 5*a + 2*h - 593 = 0, 2*h - 8 = 0. What are the prime factors of a?
3, 13
Let d = 6 + -2. Let p(v) be the second derivative of v**4/6 - v**3/2 - 2*v**2 + 3*v. List the prime factors of p(d).
2
Suppose -3*u + 4*q - 68 = 0, 12 + 13 = -u - q. Let z = u + 34. List the prime factors of z.
2, 5
Let z(c) = -12*c - 44. What are the prime factors of z(-12)?
2, 5
Let j(p) = 1 - 1 + 3*p + 1 - 6. Let f be j(7). Suppose u = -4*n + 3*u + 22, n = -3*u + f. What are the prime factors of n?
7
Suppose 6 = -2*a, -3*a + 2*a = -4*u + 51. Let r = u - 28. Let b = r + 27. List the prime factors of b.
11
Suppose -f - 1 = -0*f. Let p(d) = -d**2 - 8*d - 9. Let s be p(-5). Let z = s + f. List the prime factors of z.
5
Let u(h) = -54*h**3 - 2*h**2 + 1. Let q be u(-1). Suppose -5*y = 2*m - q - 99, 0 = 2*y + 2*m - 62. What are the prime factors of y?
2, 3, 5
List the prime factors of 61 + -2 - 5/1.
2, 3
Suppose 4*l - 20 = -5*n + n, 0 = -5*l. Let i(g) = g**3 - 5*g**2 + 2*g - 3. What are the prime factors of i(n)?
7
Suppose -2*d - 255 = 3*d. Let k = -35 - d. What are the prime factors of k?
2
Let p = 4 + 0. Suppose -4 = -h - h - p*r, -4 = -2*r. What are the prime factors of -15*(-2)/((-4)/h)?
3, 5
Let v = -54 - -79. What are the prime factors of v?
5
Let k(q) = 7*q**2 - 1. Let n be k(1). Let i = 24 - n. List the prime factors of i.
2, 3
Suppose 4*h = -3*l + 124, 0 = 4*h - 2*h - 5*l - 36. List the prime factors of h.
2, 7
Let t be -3*3/6*2. List the prime factors of (-18)/(-4)*(-2)/t.
3
Let r be 2 - (8 - (-1 - -4)). Let v(p) = -p**2 - 4*p + 4. List the prime factors of v(r).
7
Suppose 9 = -2*m - 1. Let q(y) = -y - 2. Let x be q(m). Suppose x*b = -15 + 51. What are the prime factors of b?
2, 3
List the prime factors of ((-76)/6)/(2/(-9)).
3, 19
Let m(f) be the first derivative of 1 + 1/3*f**3 + f**2 + f. What are the prime factors of m(-3)?
2
Let o(u) = 3*u**3 + 2*u**2 - 2*u + 1. Suppose 3*z - 18 = -5*s, -4*s + 13 = -2*z + s. Let d be o(z). Let n = 9 + d. List the prime factors of n.
13
Let w = -5 - 11. Let j = 24 + w. What are the prime factors of j?
2
Let i(u) = -u**2 + 4. Let d be 2/(-13) + (-10)/(-65). Suppose -3*b - 2*b = d. What are the prime factors of i(b)?
2
Suppose h - 2*r = r - 32, 0 = h + r + 28. Suppose 5*s + 2*y - 3*y + 80 = 0, 0 = -y + 5. What are the prime factors of 10/s - h/3?
3
Let p(q) = q**3 + 4*q**2 - 2*q - 3. Let h(d) = -d + 3. Let m be h(5). What are the prime factors of p(m)?
3
Let p(y) = -y**3 - 7*y**2 - y + 7. What are the prime factors of p(-7)?
2, 7
Let u(d) = 3*d**2 + 5*d - 5. Let q be u(-5). What are the prime factors of q/3*(-4)/(-10)?
2, 3
Let u = 60 + -43. Let q = u + -9. List the prime factors of q.
2
Let u(t) = 9*t**2 + 2*t - 6. List the prime factors of u(3).
3
Suppose 21*t = 882 + 63. List the prime factors of t.
3, 5
Suppose -4*k = -2*k + 3*u - 12, -k = -3*u + 3. Suppose 2*j - 19 = a, -k = j + 3*a - 9. List the prime factors of j.
3
Suppose -2 = -2*y + 2. Let x(b) = 5*b**3 - 4*b + 3. What are the prime factors of x(y)?
5, 7
Suppose 2*d - 5*d - v = -263, 3*d - 2*v = 275. Let f = d - 45. List the prime factors of f.
2, 11
Let o(y) = -10*y**2 + 3 + 2*y**2 - 7*y - 4*y**3 + 3*y**3. Let w be o(-6). Let l = 39 + w. List the prime factors of l.
2, 3
Suppose -2*q - 2*q - b = -86, 5*b = -2*q + 34. What are the prime factors of q?
2, 11
Let x = 0 - -4. Suppose -2*f + 2 = 4*h - 10, 100 = 5*f - x*h. List the prime factors of f.
2
Let j = 81 + -43. What are the prime factors of j?
2, 19
Suppose 0*k - 13 = -3*z - 2*k, z - k = -4. What are the prime factors of (10 + (-3)/z)*2?
2, 7
Suppose 5*r = -3*f + 57, -5*r + f = -0*r - 41. Let w = r + -15. Let l(x) = -x**2 - 8*x - 4. List the prime factors of l(w).
2
Suppose 25*a - 14*a - 165 = 0. What are the prime factors of a?
3, 5
Let z(n) = n**3 - 7*n**2 + 2*n - 4. Let x be z(7). Let c be 0/3 + x/1. List the prime factors of c + (-1)/(1 + -2).
11
What are the prime factors of -4 - (1 + (4 - 45))?
2, 3
Let c be ((-10)/25)/(2/(-340)). Suppose -n = -5*n + c. List the prime factors of n.
17
Let y(t) = 5*t**2 - 2*t - 3. What are the prime factors of y(-4)?
5, 17
Let j(p) = -8*p - 19. What are the prime factors of j(-9)?
53
Let y(w) = 5*w - 1. Let h be y(1). Suppose 0 = h*p - 2 - 6. Suppose j = p*k - 2*j - 16, 3*k + 3*j - 9 = 0. What are the prime factors of k?
5
Suppose 0 = -0*s + 5*s - 45. Let c(j) be the third derivative of j**5/60 - j**4/3 - 5*j**3/6 - j**2. List the prime factors of c(s).
2
Let j(d) = -4*d - 18. What are the prime factors of j(-6)?
2, 3
Let d(z) = -2*z + 5. Let n be d(4). Let h = 6 + n. What are the prime factors of h?
3
Suppose 0*y = d - y - 52, -5*d + 4*y = -257. Let k = d - 15. List the prime factors of k.
2, 17
Let x be 6/4 - (-1)/(-2). Suppose x = 5*h - w - 10, 3*h = -4*w + 2. Suppose h*u - 2 = 8. What are the prime factors of u?
5
Let r(w) = -w**3 - 16*w**2 - 32*w - 9. What are the prime factors of r(-14)?
47
Let m = -46 + 274. Suppose 0 = -b + 7*b - m. What are the prime factors of b?
2, 19
Let y(r) = r**2 - r - 1. Let c = 2 + 0. Suppose -i - 4 = -c*i. What are the prime factors of y(i)?
11
Suppose 19*l + 21 = 20*l. What are the prime factors of l?
3, 7
Suppose -5*p + 1040 = 4*u, 4*p - 3*u - 832 = 2*u. List the prime factors of p.
2, 13
Let a(p) be the second derivative of p**4/4 + p**3/2 - p**2/2 + 5*p. Let z(q) = -q**2 - 8*q - 3. Let r be z(-8). What are the prime factors of a(r)?
17
Let u(t) = -t + 1. Let o be u(-2). Suppose -4*p + o*p = 0. Suppose p = -5*c + 4*c + 8. What are the prime factors of c?
2
Suppose -5*k + 4 = -16, -2*u = 4*k - 82. What are the prime factors of u?
3, 11
Let v(s) = -38*s. Suppose -4*m - 2*g + 11 = 3, -m + 2*g + 2 = 0. Let y(t) = 2*t. Let j(k) = m*v(k) + 44*y(k). List the prime factors of j(1).
2, 3
Let b = -106 + 185. List the prime factors of b.
79
Suppose 0 = -v + 27 - 5. What are the prime factors of v?
2, 11
Let q = 11 + -6. Let h = q + 0. Suppose h*d = 5*r + 30, -3*r = -d + 3*d - 2. List the prime factors of d.
2
Let n = 27 - 18. List the prime factors of 76/18 - 2/n.
2
Suppose -2*n = n - 48. What are the prime factors of n?
2
Suppose 5 = b - 0*b. Let r = 5 - b. Suppose r = 3*c - 20 - 25. What are the prime factors of c?
3, 5
Let v(y) = -43*y + 1. Let i be v(-2). Suppose -5*l + 287 = i. List the prime factors of l.
2, 5
Let m = 16 - 8. Suppose 3*s - 43 - m = 0. List the prime factors of s.
17
Suppose -7 + 19 = -4*y. Let j = 0 + 5. Let s = y + j. List the prime factors of s.
2
Let t be 1*4/(-6)*-6. Let o be 8/(-6)*(t + -16). Suppose 2*w = -3*z - z + 6, -z - 4*w = o. What are the prime factors of z?
2
Let j = -1 + -8. Let b(i) = -i**2 - 11 - 9*i - 2*i + 0*i. List the prime factors of b(j).
7
Suppose 131 = p - 2*c, -6*c - 534 = -4*p - 3*c. List the prime factors of p.
3, 5
List the prime factors of 299/11 - (-14)/(-77).
3
Let r(t) = 4*t**2 + 10*t - 6. Let m(y) = y**2 + y. Let i(d) = -5*m(d) + r(d). Let l be i(4). What are the prime factors of ((-2)/1)/(l/3)?
3
Let v(b) = -b + 8. Let l = 4 + 2. What are the prime factors of v(l)?
2
Let s(t) = t**3 - 